est common factor of 70624 and 64?
32
What is the greatest common divisor of 17833 and 544?
17
What is the highest common factor of 1180 and 48060?
20
What is the highest common divisor of 5074 and 6880?
86
Calculate the greatest common factor of 1798 and 2378.
58
Calculate the greatest common factor of 4036026 and 9786.
1398
Calculate the greatest common factor of 4232006 and 554.
554
Calculate the greatest common factor of 5994 and 183.
3
What is the greatest common factor of 160519 and 258?
43
What is the highest common divisor of 309 and 675?
3
Calculate the greatest common divisor of 685 and 6987.
137
What is the highest common divisor of 2472 and 54?
6
Calculate the highest common divisor of 23 and 64423.
23
Calculate the greatest common factor of 163957 and 127.
127
What is the highest common factor of 41870 and 2014?
106
Calculate the greatest common factor of 96 and 19424.
32
Calculate the highest common factor of 224 and 34168.
8
What is the highest common factor of 2525 and 2175?
25
What is the highest common factor of 18744 and 110?
22
What is the highest common factor of 2003424 and 246?
246
What is the greatest common divisor of 1885 and 25259?
377
What is the highest common factor of 36 and 593748?
36
What is the greatest common factor of 143 and 221287?
11
Calculate the highest common divisor of 88 and 28798.
22
What is the greatest common factor of 2603 and 31921?
137
Calculate the greatest common factor of 4056 and 768.
24
Calculate the highest common divisor of 20 and 68910.
10
What is the highest common factor of 1198965 and 335?
335
Calculate the highest common factor of 510114 and 825.
33
What is the highest common divisor of 778707 and 2865?
573
Calculate the greatest common factor of 340895 and 435.
145
What is the highest common divisor of 462124 and 13?
13
What is the greatest common factor of 1890 and 54540?
270
What is the highest common factor of 632 and 198764?
316
Calculate the greatest common divisor of 1665 and 4699.
37
What is the highest common factor of 11809 and 245?
49
What is the greatest common factor of 125 and 3183?
1
What is the highest common divisor of 59 and 239?
1
What is the greatest common divisor of 29346 and 670?
134
Calculate the greatest common divisor of 10812 and 1088.
68
Calculate the highest common divisor of 405 and 21345.
15
What is the greatest common factor of 221400 and 7257?
123
Calculate the greatest common divisor of 8576 and 3584.
128
What is the greatest common factor of 67866 and 30?
6
What is the highest common factor of 16789 and 15965?
103
Calculate the greatest common factor of 6838 and 442.
26
What is the highest common factor of 26320 and 8?
8
Calculate the greatest common factor of 1940 and 372868.
388
What is the greatest common divisor of 241 and 19?
1
What is the highest common factor of 36 and 95454?
18
Calculate the greatest common divisor of 23526 and 9054.
18
What is the greatest common factor of 59780 and 25970?
490
Calculate the highest common factor of 17745 and 16765.
35
Calculate the highest common divisor of 850 and 9554.
34
What is the greatest common factor of 98014 and 112?
14
What is the greatest common factor of 242 and 2101?
11
What is the greatest common divisor of 8240 and 3320?
40
What is the highest common factor of 234269 and 686?
343
Calculate the highest common factor of 16 and 158288.
16
What is the greatest common divisor of 885 and 253405?
295
What is the greatest common factor of 156953 and 31?
31
What is the greatest common factor of 742 and 85022?
14
Calculate the greatest common factor of 118956 and 23.
23
Calculate the greatest common divisor of 112 and 5873.
7
Calculate the highest common divisor of 1751601 and 262.
131
Calculate the greatest common divisor of 127240 and 416.
8
What is the highest common divisor of 1080 and 74040?
120
What is the greatest common divisor of 2421307 and 764?
191
What is the highest common factor of 74 and 34114?
74
Calculate the greatest common divisor of 1004 and 55973.
251
Calculate the highest common factor of 546 and 139958.
182
Calculate the greatest common divisor of 18717 and 918.
51
What is the highest common factor of 2191 and 349621?
313
Calculate the highest common divisor of 112 and 331982.
14
Calculate the highest common divisor of 36 and 567396.
36
What is the greatest common factor of 588608 and 816?
272
Calculate the highest common factor of 50512 and 352.
176
What is the greatest common factor of 6235 and 645?
215
What is the highest common divisor of 39054 and 15387?
69
Calculate the greatest common divisor of 207318 and 3170.
634
Calculate the highest common factor of 19747 and 195.
13
What is the highest common divisor of 769 and 4?
1
What is the greatest common factor of 2522 and 442?
26
What is the highest common factor of 280862 and 2536?
634
Calculate the highest common factor of 747 and 2790.
9
What is the greatest common factor of 216 and 194508?
108
Calculate the greatest common factor of 5 and 182880.
5
What is the highest common divisor of 235 and 112565?
235
What is the highest common factor of 473046 and 294?
294
Calculate the highest common divisor of 125 and 18775.
25
Calculate the highest common divisor of 3395 and 4268.
97
What is the greatest common divisor of 8 and 13928?
8
What is the highest common factor of 23 and 242236?
23
What is the highest common factor of 321 and 320251?
107
Calculate the greatest common factor of 6819 and 36.
3
Calculate the highest common divisor of 226048 and 2649.
883
Calculate the greatest common divisor of 110121 and 3948.
141
What is the highest common factor of 174 and 300?
6
What is the highest common factor of 60 and 1021044?
12
Calculate the highest common factor of 3505 and 565707.
701
What is the highest common divisor of 7680 and 3120?
240
What is the greatest common divisor of 10630 and 8080?
10
What is the highest common factor of 191815 and 1859?
169
What is the highest common divisor of 480 and 5385?
15
Calculate the greatest common divisor of 814449 and 6.
3
What is the greatest common divisor of 2892 and 1230546?
1446
What is the greatest common divisor of 10 and 302590?
10
What is the greatest common factor of 484374 and 594?
66
What is the highest common factor of 2228 and 832715?
557
Calculate the highest common divisor of 203345 and 10385.
335
Calculate the greatest common factor of 111618 and 3816.
954
Calculate the highest common factor of 7624 and 2592.
8
What is the greatest common factor of 4774 and 279?
31
Calculate the greatest common factor of 17499544 and 1112.
1112
What is the greatest common factor of 2068 and 32148?
188
Calculate the greatest common divisor of 12719 and 189.
7
Calculate the highest common divisor of 28509 and 52.
13
What is the highest common divisor of 20 and 1011500?
20
Calculate the greatest common divisor of 111737 and 58.
29
Calculate the greatest common divisor of 403550 and 350.
350
What is the greatest common factor of 1040 and 363480?
520
What is the greatest common divisor of 33396 and 88?
44
What is the highest common factor of 29 and 8575097?
29
Calculate the greatest common factor of 245 and 17920.
35
Calculate the highest common divisor of 661575 and 150.
75
Calculate the highest common divisor of 1439 and 2139793.
1439
Calculate the highest common divisor of 2603 and 130972.
137
What is the greatest common factor of 6901332 and 57?
57
Calculate the greatest common divisor of 1883301 and 21.
21
Calculate the greatest common factor of 963 and 58101.
321
Calculate the highest common factor of 24038 and 1818.
202
Calculate the highest common divisor of 88 and 277541.
11
What is the greatest common divisor of 1519884 and 1458?
162
What is the highest common factor of 172 and 559?
43
Calculate the highest common factor of 24 and 2133.
3
What is the highest common factor of 58 and 708934?
58
Calculate the highest common factor of 17 and 1433423.
17
What is the greatest common divisor of 91 and 246493?
13
Calculate the greatest common divisor of 397173 and 42.
21
Calculate the greatest common divisor of 658496 and 256.
64
What is the highest common divisor of 626 and 953085?
313
What is the greatest common divisor of 50 and 99930?
10
What is the highest common divisor of 640 and